{"id":136,"date":"2023-07-18T20:26:37","date_gmt":"2023-07-18T23:26:37","guid":{"rendered":"http:\/\/reabilitaclinica.com.br\/?page_id=136"},"modified":"2024-01-05T22:10:46","modified_gmt":"2024-01-06T01:10:46","slug":"home-reabilita-clinica","status":"publish","type":"page","link":"http:\/\/reabilitaclinica.com.br\/","title":{"rendered":"Home &#8211; Reabilita Cl\u00ednica"},"content":{"rendered":"\t\t<div data-elementor-type=\"wp-page\" data-elementor-id=\"136\" class=\"elementor elementor-136\" data-elementor-post-type=\"page\">\n\t\t\t\t\t\t\t<div class=\"elementor-element elementor-element-a777986 e-con-full e-flex e-con\" data-id=\"a777986\" data-element_type=\"container\" data-settings=\"{&quot;content_width&quot;:&quot;full&quot;,&quot;background_background&quot;:&quot;classic&quot;}\">\n\t\t<div class=\"elementor-element elementor-element-b009173 e-flex e-con-boxed e-con\" data-id=\"b009173\" data-element_type=\"container\" data-settings=\"{&quot;background_background&quot;:&quot;classic&quot;,&quot;content_width&quot;:&quot;boxed&quot;}\">\n\t\t\t\t\t<div class=\"e-con-inner\">\n\t\t<div class=\"elementor-element elementor-element-eede73a e-con-full e-flex e-con\" data-id=\"eede73a\" data-element_type=\"container\" data-settings=\"{&quot;content_width&quot;:&quot;full&quot;}\">\n\t\t\t\t<div class=\"elementor-element elementor-element-d48d151 elementor-widget__width-initial elementor-widget elementor-widget-heading\" data-id=\"d48d151\" data-element_type=\"widget\" data-widget_type=\"heading.default\">\n\t\t\t\t<div class=\"elementor-widget-container\">\n\t\t\t<h2 class=\"elementor-heading-title elementor-size-default\">Recupere o seu sorriso!<\/h2>\t\t<\/div>\n\t\t\t\t<\/div>\n\t\t\t\t<div class=\"elementor-element elementor-element-67c474b elementor-widget__width-initial elementor-widget elementor-widget-text-editor\" data-id=\"67c474b\" data-element_type=\"widget\" data-widget_type=\"text-editor.default\">\n\t\t\t\t<div class=\"elementor-widget-container\">\n\t\t\t\t\t\t\t<p>Conte com nossa equipe especializada e tecnologia avan\u00e7ada para transformar seu sorriso<\/p>\t\t\t\t\t\t<\/div>\n\t\t\t\t<\/div>\n\t\t\t\t<div class=\"elementor-element elementor-element-484e23f elementor-mobile-align-center elementor-widget elementor-widget-button\" data-id=\"484e23f\" data-element_type=\"widget\" data-widget_type=\"button.default\">\n\t\t\t\t<div class=\"elementor-widget-container\">\n\t\t\t\t\t<div class=\"elementor-button-wrapper\">\n\t\t\t<a class=\"elementor-button elementor-button-link elementor-size-md\" href=\"https:\/\/api.whatsapp.com\/send?phone=5511940653264\" target=\"_blank\">\n\t\t\t\t\t\t<span class=\"elementor-button-content-wrapper\">\n\t\t\t\t\t\t<span class=\"elementor-button-text\">AGENDAR AVALIA\u00c7\u00c3O<\/span>\n\t\t<\/span>\n\t\t\t\t\t<\/a>\n\t\t<\/div>\n\t\t\t\t<\/div>\n\t\t\t\t<\/div>\n\t\t\t\t<\/div>\n\t\t<div class=\"elementor-element elementor-element-6120769 e-con-full elementor-hidden-mobile e-flex e-con\" data-id=\"6120769\" data-element_type=\"container\" data-settings=\"{&quot;content_width&quot;:&quot;full&quot;}\">\n\t\t\t\t<div class=\"elementor-element elementor-element-d529d3f elementor-widget elementor-widget-image\" data-id=\"d529d3f\" data-element_type=\"widget\" data-widget_type=\"image.default\">\n\t\t\t\t<div class=\"elementor-widget-container\">\n\t\t\t\t\t\t\t\t\t\t\t\t\t\t\t<img loading=\"lazy\" decoding=\"async\" width=\"476\" height=\"445\" src=\"http:\/\/reabilitaclinica.com.br\/wp-content\/uploads\/2024\/01\/img_banner_home_v2.png\" class=\"attachment-full size-full wp-image-284\" alt=\"\" srcset=\"http:\/\/reabilitaclinica.com.br\/wp-content\/uploads\/2024\/01\/img_banner_home_v2.png 476w, http:\/\/reabilitaclinica.com.br\/wp-content\/uploads\/2024\/01\/img_banner_home_v2-300x280.png 300w\" sizes=\"auto, (max-width: 476px) 100vw, 476px\" \/>\t\t\t\t\t\t\t\t\t\t\t\t\t\t\t<\/div>\n\t\t\t\t<\/div>\n\t\t\t\t<\/div>\n\t\t\t\t\t<\/div>\n\t\t\t\t<\/div>\n\t\t\t\t<\/div>\n\t\t<div class=\"elementor-element elementor-element-7485e45 e-con-full e-flex e-con\" data-id=\"7485e45\" data-element_type=\"container\" id=\"areasdeatuacao\" data-settings=\"{&quot;background_background&quot;:&quot;classic&quot;,&quot;content_width&quot;:&quot;full&quot;}\">\n\t\t\t\t<div class=\"elementor-element elementor-element-d001d00 elementor-widget elementor-widget-heading\" data-id=\"d001d00\" data-element_type=\"widget\" data-widget_type=\"heading.default\">\n\t\t\t\t<div class=\"elementor-widget-container\">\n\t\t\t<h2 class=\"elementor-heading-title elementor-size-default\">Tratamentos para seu sorriso<\/h2>\t\t<\/div>\n\t\t\t\t<\/div>\n\t\t<div class=\"elementor-element elementor-element-efd5ed3 e-flex e-con-boxed e-con\" data-id=\"efd5ed3\" data-element_type=\"container\" data-settings=\"{&quot;content_width&quot;:&quot;boxed&quot;}\">\n\t\t\t\t\t<div class=\"e-con-inner\">\n\t\t\t\t<div class=\"elementor-element elementor-element-123f435 elementor-widget__width-initial elementor-position-top elementor-vertical-align-top elementor-widget elementor-widget-image-box\" data-id=\"123f435\" data-element_type=\"widget\" data-widget_type=\"image-box.default\">\n\t\t\t\t<div class=\"elementor-widget-container\">\n\t\t\t<div class=\"elementor-image-box-wrapper\"><figure class=\"elementor-image-box-img\"><img loading=\"lazy\" decoding=\"async\" width=\"88\" height=\"88\" src=\"http:\/\/reabilitaclinica.com.br\/wp-content\/uploads\/2024\/01\/icon-clinico-geral.png\" class=\"attachment-full size-full wp-image-276\" alt=\"\" \/><\/figure><div class=\"elementor-image-box-content\"><h3 class=\"elementor-image-box-title\">Cl\u00ednico Geral<\/h3><p class=\"elementor-image-box-description\">Clinica Geral, s\u00e3o todos os procedimentos mais b\u00e1sicos, digamos que o dia a dia do Dentista. \nAlguns exemplos: Exodontias, profilaxia (limpeza dental), restaura\u00e7\u00f5es e clareamento (caseiro\nou de consult\u00f3rio).<\/p><\/div><\/div>\t\t<\/div>\n\t\t\t\t<\/div>\n\t\t\t\t<div class=\"elementor-element elementor-element-838ddf6 elementor-widget__width-initial elementor-position-top elementor-vertical-align-top elementor-widget elementor-widget-image-box\" data-id=\"838ddf6\" data-element_type=\"widget\" data-widget_type=\"image-box.default\">\n\t\t\t\t<div class=\"elementor-widget-container\">\n\t\t\t<div class=\"elementor-image-box-wrapper\"><figure class=\"elementor-image-box-img\"><img loading=\"lazy\" decoding=\"async\" width=\"89\" height=\"89\" src=\"http:\/\/reabilitaclinica.com.br\/wp-content\/uploads\/2023\/07\/icon-implante.png\" class=\"attachment-full size-full wp-image-169\" alt=\"\" \/><\/figure><div class=\"elementor-image-box-content\"><h3 class=\"elementor-image-box-title\">Implante Dent\u00e1rio<\/h3><p class=\"elementor-image-box-description\">Especialidade respons\u00e1vel pela coloca\u00e7\u00e3o de implantes nos ossos maxilares para a substitui\u00e7\u00e3o\nde dentes perdidos, seja devido a trauma ou a condi\u00e7\u00f5es como c\u00e1ries e fraturas dentais que\nlevam a extra\u00e7\u00e3o dos mesmos.<\/p><\/div><\/div>\t\t<\/div>\n\t\t\t\t<\/div>\n\t\t\t\t<div class=\"elementor-element elementor-element-72229c1 elementor-widget__width-initial elementor-position-top elementor-vertical-align-top elementor-widget elementor-widget-image-box\" data-id=\"72229c1\" data-element_type=\"widget\" data-widget_type=\"image-box.default\">\n\t\t\t\t<div class=\"elementor-widget-container\">\n\t\t\t<div class=\"elementor-image-box-wrapper\"><figure class=\"elementor-image-box-img\"><img loading=\"lazy\" decoding=\"async\" width=\"88\" height=\"88\" src=\"http:\/\/reabilitaclinica.com.br\/wp-content\/uploads\/2024\/01\/icon-protese-dentaria.png\" class=\"attachment-full size-full wp-image-275\" alt=\"\" \/><\/figure><div class=\"elementor-image-box-content\"><h3 class=\"elementor-image-box-title\">Pr\u00f3tese Dent\u00e1ria<\/h3><p class=\"elementor-image-box-description\">A falta de dentes, al\u00e9m de desagrad\u00e1vel, pode causar diversos problemas. Neste caso \u00e9 necess\u00e1ria a confec\u00e7\u00e3o de pr\u00f3teses dent\u00e1rias. Este procedimento \u00e9 bastante comum e visa repor um ou mais dentes perdidos.<\/p><\/div><\/div>\t\t<\/div>\n\t\t\t\t<\/div>\n\t\t\t\t\t<\/div>\n\t\t\t\t<\/div>\n\t\t<div class=\"elementor-element elementor-element-3ce4645 e-flex e-con-boxed e-con\" data-id=\"3ce4645\" data-element_type=\"container\" data-settings=\"{&quot;content_width&quot;:&quot;boxed&quot;}\">\n\t\t\t\t\t<div class=\"e-con-inner\">\n\t\t\t\t<div class=\"elementor-element elementor-element-5a3f7bb elementor-widget__width-initial elementor-position-top elementor-vertical-align-top elementor-widget elementor-widget-image-box\" data-id=\"5a3f7bb\" data-element_type=\"widget\" data-widget_type=\"image-box.default\">\n\t\t\t\t<div class=\"elementor-widget-container\">\n\t\t\t<div class=\"elementor-image-box-wrapper\"><figure class=\"elementor-image-box-img\"><img loading=\"lazy\" decoding=\"async\" width=\"88\" height=\"88\" src=\"http:\/\/reabilitaclinica.com.br\/wp-content\/uploads\/2023\/07\/icon-protese-1.png\" class=\"attachment-full size-full wp-image-168\" alt=\"\" \/><\/figure><div class=\"elementor-image-box-content\"><h3 class=\"elementor-image-box-title\">Pr\u00f3tese Protocolo<\/h3><p class=\"elementor-image-box-description\">A solu\u00e7\u00e3o definitiva para ter dentes fixos. Volte a mastigar com confian\u00e7a, livre se de uma vez por todas das pr\u00f3teses soltas e grampos met\u00e1licos machucando a sua boca.<\/p><\/div><\/div>\t\t<\/div>\n\t\t\t\t<\/div>\n\t\t\t\t<div class=\"elementor-element elementor-element-2c0a949 elementor-widget__width-initial elementor-position-top elementor-vertical-align-top elementor-widget elementor-widget-image-box\" data-id=\"2c0a949\" data-element_type=\"widget\" data-widget_type=\"image-box.default\">\n\t\t\t\t<div class=\"elementor-widget-container\">\n\t\t\t<div class=\"elementor-image-box-wrapper\"><figure class=\"elementor-image-box-img\"><img loading=\"lazy\" decoding=\"async\" width=\"88\" height=\"88\" src=\"http:\/\/reabilitaclinica.com.br\/wp-content\/uploads\/2024\/01\/icon-perio.png\" class=\"attachment-full size-full wp-image-274\" alt=\"\" \/><\/figure><div class=\"elementor-image-box-content\"><h3 class=\"elementor-image-box-title\">Periodontia<\/h3><p class=\"elementor-image-box-description\">Cuidados abrangentes para prevenir e tratar doen\u00e7as dos tecidos de suporte dent\u00e1rio, incluindo procedimentos como gengivoplastia, enxertos gengivais e recobrimento radicular.<\/p><\/div><\/div>\t\t<\/div>\n\t\t\t\t<\/div>\n\t\t\t\t<div class=\"elementor-element elementor-element-ee2c1b3 elementor-widget__width-initial elementor-position-top elementor-vertical-align-top elementor-widget elementor-widget-image-box\" data-id=\"ee2c1b3\" data-element_type=\"widget\" data-widget_type=\"image-box.default\">\n\t\t\t\t<div class=\"elementor-widget-container\">\n\t\t\t<div class=\"elementor-image-box-wrapper\"><figure class=\"elementor-image-box-img\"><img loading=\"lazy\" decoding=\"async\" width=\"88\" height=\"88\" src=\"http:\/\/reabilitaclinica.com.br\/wp-content\/uploads\/2024\/01\/icon-canal.png\" class=\"attachment-full size-full wp-image-269\" alt=\"\" \/><\/figure><div class=\"elementor-image-box-content\"><h3 class=\"elementor-image-box-title\">Tratamento de Canal<\/h3><p class=\"elementor-image-box-description\">Alivie dores de dentes inflamados ou promova a desinfec\u00e7\u00e3o do sistema\nde canais a fim de evitar um foco infeccioso.<\/p><\/div><\/div>\t\t<\/div>\n\t\t\t\t<\/div>\n\t\t\t\t\t<\/div>\n\t\t\t\t<\/div>\n\t\t\t\t<\/div>\n\t\t<div class=\"elementor-element elementor-element-cea82fd e-con-full e-flex e-con\" data-id=\"cea82fd\" data-element_type=\"container\" id=\"quemsomos\" data-settings=\"{&quot;content_width&quot;:&quot;full&quot;,&quot;background_background&quot;:&quot;classic&quot;}\">\n\t\t<div class=\"elementor-element elementor-element-a59d3dd e-con-full e-flex e-con\" data-id=\"a59d3dd\" data-element_type=\"container\" data-settings=\"{&quot;content_width&quot;:&quot;full&quot;}\">\n\t\t\t\t<div class=\"elementor-element elementor-element-5c90962 elementor-widget elementor-widget-image\" data-id=\"5c90962\" data-element_type=\"widget\" data-widget_type=\"image.default\">\n\t\t\t\t<div class=\"elementor-widget-container\">\n\t\t\t\t\t\t\t\t\t\t\t\t\t\t\t<img loading=\"lazy\" decoding=\"async\" width=\"731\" height=\"561\" src=\"http:\/\/reabilitaclinica.com.br\/wp-content\/uploads\/2023\/07\/consultorio2.jpg\" class=\"attachment-full size-full wp-image-185\" alt=\"\" srcset=\"http:\/\/reabilitaclinica.com.br\/wp-content\/uploads\/2023\/07\/consultorio2.jpg 731w, http:\/\/reabilitaclinica.com.br\/wp-content\/uploads\/2023\/07\/consultorio2-300x230.jpg 300w\" sizes=\"auto, (max-width: 731px) 100vw, 731px\" \/>\t\t\t\t\t\t\t\t\t\t\t\t\t\t\t<\/div>\n\t\t\t\t<\/div>\n\t\t\t\t<\/div>\n\t\t<div class=\"elementor-element elementor-element-2673e49 e-con-full e-flex e-con\" data-id=\"2673e49\" data-element_type=\"container\" data-settings=\"{&quot;content_width&quot;:&quot;full&quot;}\">\n\t\t\t\t<div class=\"elementor-element elementor-element-da200fd elementor-widget elementor-widget-heading\" data-id=\"da200fd\" data-element_type=\"widget\" data-widget_type=\"heading.default\">\n\t\t\t\t<div class=\"elementor-widget-container\">\n\t\t\t<h2 class=\"elementor-heading-title elementor-size-default\">Quem somos<\/h2>\t\t<\/div>\n\t\t\t\t<\/div>\n\t\t\t\t<div class=\"elementor-element elementor-element-a6e3eaf elementor-widget elementor-widget-text-editor\" data-id=\"a6e3eaf\" data-element_type=\"widget\" data-widget_type=\"text-editor.default\">\n\t\t\t\t<div class=\"elementor-widget-container\">\n\t\t\t\t\t\t\t<p>Somos especializados em <strong>Reabilita\u00e7\u00e3o Oral<\/strong> e oferecemos uma ampla gama de servi\u00e7os para ajudar nossos pacientes a restaurar seu sorriso e melhorar sua sa\u00fade bucal.<\/p><p>Na <strong>Reabilita Cl\u00ednica<\/strong>, entendemos a import\u00e2ncia de um sorriso saud\u00e1vel e confiante. Nossa equipe de profissionais altamente qualificados est\u00e1 pronta para fornecer atendimento personalizado e de alta qualidade. Combinamos expertise t\u00e9cnica modernas, tecnologias avan\u00e7adas e cuidado individualizado para fornecer um plano de tratamento adequado, visando a orienta\u00e7\u00e3o do seu sorriso, melhoria da sua qualidade de vida e resultados eficientes e duradouros.<\/p>\t\t\t\t\t\t<\/div>\n\t\t\t\t<\/div>\n\t\t\t\t<\/div>\n\t\t\t\t<\/div>\n\t\t<div class=\"elementor-element elementor-element-8a5bd82 e-con-full e-flex e-con\" data-id=\"8a5bd82\" data-element_type=\"container\" data-settings=\"{&quot;content_width&quot;:&quot;full&quot;,&quot;background_background&quot;:&quot;classic&quot;}\">\n\t\t\t\t<div class=\"elementor-element elementor-element-2f3fcaf elementor-widget__width-initial elementor-widget elementor-widget-heading\" data-id=\"2f3fcaf\" data-element_type=\"widget\" data-widget_type=\"heading.default\">\n\t\t\t\t<div class=\"elementor-widget-container\">\n\t\t\t<h2 class=\"elementor-heading-title elementor-size-default\">Agende sua consulta hoje mesmo na Reabilita Cl\u00ednica e d\u00ea o primeiro\npasso para recuperar a sa\u00fade e a beleza do seu sorriso!<\/h2>\t\t<\/div>\n\t\t\t\t<\/div>\n\t\t\t\t<div class=\"elementor-element elementor-element-66057cf elementor-align-center elementor-mobile-align-center elementor-widget elementor-widget-button\" data-id=\"66057cf\" data-element_type=\"widget\" data-widget_type=\"button.default\">\n\t\t\t\t<div class=\"elementor-widget-container\">\n\t\t\t\t\t<div class=\"elementor-button-wrapper\">\n\t\t\t<a class=\"elementor-button elementor-button-link elementor-size-md\" href=\"https:\/\/api.whatsapp.com\/send?phone=5511940653264\" target=\"_blank\">\n\t\t\t\t\t\t<span class=\"elementor-button-content-wrapper\">\n\t\t\t\t\t\t<span class=\"elementor-button-text\">AGENDAR AVALIA\u00c7\u00c3O<\/span>\n\t\t<\/span>\n\t\t\t\t\t<\/a>\n\t\t<\/div>\n\t\t\t\t<\/div>\n\t\t\t\t<\/div>\n\t\t\t\t<\/div>\n\t\t<div class=\"elementor-element elementor-element-8169533 e-flex e-con-boxed e-con\" data-id=\"8169533\" data-element_type=\"container\" data-settings=\"{&quot;background_background&quot;:&quot;classic&quot;,&quot;content_width&quot;:&quot;boxed&quot;}\">\n\t\t\t\t\t<div class=\"e-con-inner\">\n\t\t\t\t<div class=\"elementor-element elementor-element-e3bfe36 elementor-widget elementor-widget-heading\" data-id=\"e3bfe36\" data-element_type=\"widget\" data-widget_type=\"heading.default\">\n\t\t\t\t<div class=\"elementor-widget-container\">\n\t\t\t<h2 class=\"elementor-heading-title elementor-size-default\">O que nossos clientes est\u00e3o dizendo<\/h2>\t\t<\/div>\n\t\t\t\t<\/div>\n\t\t<div class=\"elementor-element elementor-element-126d8ac e-con-full e-flex e-con\" data-id=\"126d8ac\" data-element_type=\"container\" data-settings=\"{&quot;content_width&quot;:&quot;full&quot;}\">\n\t\t\t\t<div class=\"elementor-element elementor-element-e663e8b elementor-widget elementor-widget-text-editor\" data-id=\"e663e8b\" data-element_type=\"widget\" data-widget_type=\"text-editor.default\">\n\t\t\t\t<div class=\"elementor-widget-container\">\n\t\t\t\t\t\t\t<p>\u201cEstou muito feliz com a experi\u00eancia que tive na cl\u00ednica. Aos 60 anos, decidi buscar ajuda para recuperar meu sorriso e, desde o primeiro atendimento, fui recebida com muito cuidado.\u201d<\/p><p><strong>Luiza Silva<\/strong><\/p>\t\t\t\t\t\t<\/div>\n\t\t\t\t<\/div>\n\t\t\t\t<div class=\"elementor-element elementor-element-2aea7d0 elementor-widget elementor-widget-text-editor\" data-id=\"2aea7d0\" data-element_type=\"widget\" data-widget_type=\"text-editor.default\">\n\t\t\t\t<div class=\"elementor-widget-container\">\n\t\t\t\t\t\t\t<p>\u201cAl\u00e9m do profissionalismo, o carinho e aten\u00e7\u00e3o que recebi foram especiais. Eles n\u00e3o apenas devolveram o meu sorriso, mas tamb\u00e9m aumentaram minha autoestima.\u201d<\/p><p><strong>Luiz Ant\u00f4nio<\/strong><\/p>\t\t\t\t\t\t<\/div>\n\t\t\t\t<\/div>\n\t\t\t\t<div class=\"elementor-element elementor-element-03d5acb elementor-widget elementor-widget-text-editor\" data-id=\"03d5acb\" data-element_type=\"widget\" data-widget_type=\"text-editor.default\">\n\t\t\t\t<div class=\"elementor-widget-container\">\n\t\t\t\t\t\t\t<p>\u201cSou grata por ter encontrado essa equipe incr\u00edvel e recomendo a todos que desejam transformar seu sorriso. Obrigada! Agora me sinto mais confiante e vivo sorrindo.\u201d<\/p><p><strong>T\u00e1ssia Manso<\/strong><\/p>\t\t\t\t\t\t<\/div>\n\t\t\t\t<\/div>\n\t\t\t\t<\/div>\n\t\t\t\t\t<\/div>\n\t\t\t\t<\/div>\n\t\t\t\t\t\t\t<\/div>\n\t\t","protected":false},"excerpt":{"rendered":"<p>Recupere o seu sorriso! Conte com nossa equipe especializada e tecnologia avan\u00e7ada para transformar seu sorriso AGENDAR AVALIA\u00c7\u00c3O Tratamentos para seu sorriso Cl\u00ednico Geral Clinica Geral, s\u00e3o todos os procedimentos &#8230;<\/p>\n","protected":false},"author":1,"featured_media":0,"parent":0,"menu_order":0,"comment_status":"closed","ping_status":"closed","template":"template-fullwidth-stretched.php","meta":{"om_disable_all_campaigns":false,"_uf_show_specific_survey":0,"_uf_disable_surveys":false,"footnotes":""},"class_list":["post-136","page","type-page","status-publish","hentry"],"aioseo_notices":[],"_links":{"self":[{"href":"http:\/\/reabilitaclinica.com.br\/index.php?rest_route=\/wp\/v2\/pages\/136","targetHints":{"allow":["GET"]}}],"collection":[{"href":"http:\/\/reabilitaclinica.com.br\/index.php?rest_route=\/wp\/v2\/pages"}],"about":[{"href":"http:\/\/reabilitaclinica.com.br\/index.php?rest_route=\/wp\/v2\/types\/page"}],"author":[{"embeddable":true,"href":"http:\/\/reabilitaclinica.com.br\/index.php?rest_route=\/wp\/v2\/users\/1"}],"replies":[{"embeddable":true,"href":"http:\/\/reabilitaclinica.com.br\/index.php?rest_route=%2Fwp%2Fv2%2Fcomments&post=136"}],"version-history":[{"count":100,"href":"http:\/\/reabilitaclinica.com.br\/index.php?rest_route=\/wp\/v2\/pages\/136\/revisions"}],"predecessor-version":[{"id":287,"href":"http:\/\/reabilitaclinica.com.br\/index.php?rest_route=\/wp\/v2\/pages\/136\/revisions\/287"}],"wp:attachment":[{"href":"http:\/\/reabilitaclinica.com.br\/index.php?rest_route=%2Fwp%2Fv2%2Fmedia&parent=136"}],"curies":[{"name":"wp","href":"https:\/\/api.w.org\/{rel}","templated":true}]}}